 remainder when 5445529 is divided by 85.
4
Calculate the remainder when 41670024 is divided by 20835002.
20
Calculate the remainder when 8113170 is divided by 34524.
30
What is the remainder when 1691791 is divided by 5387?
273
What is the remainder when 11833 is divided by 11390?
443
What is the remainder when 447773 is divided by 785?
323
What is the remainder when 1526 is divided by 1144?
382
What is the remainder when 1655047 is divided by 4770?
4627
What is the remainder when 193666 is divided by 88?
66
Calculate the remainder when 410011 is divided by 271.
259
Calculate the remainder when 10376 is divided by 10.
6
What is the remainder when 8235951 is divided by 34?
29
Calculate the remainder when 527828 is divided by 4578.
1358
What is the remainder when 368668 is divided by 8583?
8182
Calculate the remainder when 6945111 is divided by 287.
285
What is the remainder when 86943 is divided by 3185?
948
What is the remainder when 1411194 is divided by 449?
436
What is the remainder when 3472942 is divided by 27?
13
What is the remainder when 1445415 is divided by 358957?
9587
Calculate the remainder when 14522952 is divided by 2904582.
42
Calculate the remainder when 7271860 is divided by 92.
88
Calculate the remainder when 1203803 is divided by 153.
152
What is the remainder when 365506 is divided by 14230?
9756
Calculate the remainder when 17415249 is divided by 86.
77
What is the remainder when 185834 is divided by 581?
495
What is the remainder when 1369657 is divided by 342279?
541
What is the remainder when 223192 is divided by 2632?
2104
Calculate the remainder when 337048 is divided by 48106.
306
Calculate the remainder when 869318 is divided by 144717.
1016
What is the remainder when 77604 is divided by 789?
282
What is the remainder when 978142 is divided by 69768?
1390
What is the remainder when 97328942 is divided by 100859?
7
What is the remainder when 3768452 is divided by 1037?
1031
What is the remainder when 33352456 is divided by 53109?
4
What is the remainder when 75313960 is divided by 486?
484
Calculate the remainder when 22771917 is divided by 12637.
43
What is the remainder when 9501868 is divided by 256807?
9
What is the remainder when 8082692 is divided by 608?
548
What is the remainder when 37104443 is divided by 553797?
44
Calculate the remainder when 65434764 is divided by 778985.
24
Calculate the remainder when 1959356 is divided by 52.
48
What is the remainder when 78458 is divided by 19495?
478
Calculate the remainder when 4168167 is divided by 19297.
15
What is the remainder when 85642 is divided by 41?
34
What is the remainder when 2178115 is divided by 47?
41
Calculate the remainder when 16006171 is divided by 12.
7
What is the remainder when 5227018 is divided by 437?
61
Calculate the remainder when 239045 is divided by 4266.
149
Calculate the remainder when 32263 is divided by 15630.
1003
Calculate the remainder when 173610 is divided by 3.
0
What is the remainder when 1372086 is divided by 969?
951
Calculate the remainder when 192914 is divided by 192720.
194
Calculate the remainder when 153991 is divided by 13996.
35
What is the remainder when 1261674 is divided by 56?
50
Calculate the remainder when 5765600 is divided by 390.
230
Calculate the remainder when 54608503 is divided by 2665.
2653
Calculate the remainder when 786142 is divided by 112225.
567
Calculate the remainder when 84475472 is divided by 133.
123
What is the remainder when 35254 is divided by 10203?
4645
Calculate the remainder when 152384 is divided by 37880.
864
Calculate the remainder when 124439 is divided by 6369.
3428
Calculate the remainder when 279213799 is divided by 19943842.
11
Calculate the remainder when 66439244 is divided by 33219614.
16
What is the remainder when 1316159 is divided by 325?
234
Calculate the remainder when 27040 is divided by 6634.
504
Calculate the remainder when 112411 is divided by 108817.
3594
Calculate the remainder when 1066149 is divided by 20114.
107
Calculate the remainder when 722301 is divided by 171.
168
Calculate the remainder when 239769 is divided by 69.
63
What is the remainder when 44703082 is divided by 217?
214
What is the remainder when 49265 is divided by 573?
560
What is the remainder when 9185016 is divided by 987?
981
Calculate the remainder when 1135715 is divided by 81118.
63
What is the remainder when 283283 is divided by 88?
11
Calculate the remainder when 14836605 is divided by 2592.
2589
Calculate the remainder when 8392226 is divided by 233116.
50
Calculate the remainder when 1332022 is divided by 1480.
22
Calculate the remainder when 301971 is divided by 150927.
117
What is the remainder when 688334 is divided by 229011?
1301
What is the remainder when 1492387 is divided by 2591?
2562
Calculate the remainder when 508385 is divided by 254173.
39
Calculate the remainder when 198327 is divided by 40.
7
Calculate the remainder when 15337456 is divided by 3878.
3844
What is the remainder when 41380 is divided by 2235?
1150
Calculate the remainder when 42148621 is divided by 1404954.
1
Calculate the remainder when 9867891 is divided by 69985.
6
What is the remainder when 24328065 is divided by 6?
3
What is the remainder when 565196 is divided by 152?
60
Calculate the remainder when 70046 is divided by 3010.
816
What is the remainder when 602827 is divided by 602416?
411
Calculate the remainder when 796081 is divided by 198707.
1253
Calculate the remainder when 103637382 is divided by 1335.
1332
What is the remainder when 209355325 is divided by 2792?
2789
What is the remainder when 3781640 is divided by 630?
380
Calculate the remainder when 5191516 is divided by 492.
424
Calculate the remainder when 1322649 is divided by 3242.
3155
What is the remainder when 447859 is divided by 2965?
144
Calculate the remainder when 187979 is divided by 176.
11
Calculate the remainder when 21881 is divided by 21058.
823
Calculate the remainder when 1230695 is divided by 4130.
4085
Calculate the remainder when 1505951 is divided by 20342.
643
Calculate the remainder when 2576717 is divided by 2347.
2058
Calculate the remainder when 16486511 is divided by 89.
62
Calculate the remainder when 117444 is divided by 23485.
19
Calculate the remainder when 1228229 is divided by 53401.
6
What is the remainder when 6448323 is divided by 70?
63
What is the remainder when 80573 is divided by 40174?
225
Calculate the remainder when 13924455 is divided by 868.
867
What is the remainder when 829504 is divided by 250?
4
What is the remainder when 3063664 is divided by 1531832?
0
Calculate the remainder when 9952636 is divided by 4976314.
8
Calculate the remainder when 8807633 is divided by 380.
373
What is the remainder when 1263916 is divided by 1701?
73
What is the remainder when 220005 is divided by 109942?
121
Calculate the remainder when 2501267 is divided by 515.
427
Calculate the remainder when 117238 is divided by 4909.
4331
What is the remainder when 973058 is divided by 797?
718
Calculate the remainder when 1718897 is divided by 188.
13
What is the remainder when 1110211 is divided by 65305?
26
What is the remainder when 30389075 is divided by 157?
155
Calculate the remainder when 5408994 is divided by 20.
14
What is the remainder when 160136 is divided by 5123?
1323
Calculate the remainder when 407462 is divided by 429.
341
Calculate the remainder when 870414 is divided by 217592.
46
What is the remainder when 135327 is divided by 4848?
4431
Calculate the remainder when 357639590 is divided by 9560.
9550
Calculate the remainder when 64256 is divided by 541.
418
Calculate the remainder when 1951142 is divided by 814.
798
What is the remainder when 38727908 is divided by 48?
20
Calculate the remainder when 11216059 is divided by 1246228.
7
Calculate the remainder when 3489478 is divided by 64.
6
Calculate the remainder when 2400505 is divided by 2452.
2449
Calculate the remainder when 105255 is divided by 1110.
915
Calculate the remainder when 516701 is divided by 172214.
59
What is the remainder when 436926 is divided by 62414?
28
Calculate the remainder when 4213780 is divided by 11.
10
What is the remainder when 2775494 is divided by 21?
8
What is the remainder when 651220 is divided by 3704?
3